 h and r?
8
Let f = 41861 - 40174. What is the highest common factor of 7 and f?
7
Suppose -13*o - 53*o = -38*o - 47264. What is the greatest common divisor of 64 and o?
8
Suppose 0 = 5*o - 84 - 66. Suppose 19*g + 788 = 23*g - 5*q, -2*g = 2*q - 376. Suppose m - 198 = -g. Calculate the greatest common divisor of o and m.
6
Suppose 3*o - 16 = -2*l, -2*o + 8 = 4. Suppose 85 = l*k - 0. Suppose 5*n - 9*n + 3*j = -47, 2*n + 5*j = k. Calculate the highest common divisor of n and 55.
11
Let h be ((-10)/(-12))/(-5) + (-529588)/(-1032). Calculate the highest common factor of h and 114.
57
Let w = 634 + -571. Suppose 5*o + 3*q = 26, 4*q + 6 = -o + 1. Calculate the greatest common factor of w and o.
7
Let k(i) = 43*i - 69. Let g(l) = -42*l + 71. Let w(p) = -6*g(p) - 5*k(p). Let q be w(8). Calculate the highest common factor of q and 5.
5
Suppose -7*q = -118 + 41. Suppose -4*p + 5*x + 64 = q, 2 = -2*x. Let b(s) = s**2 - s + 3. Let w be b(0). What is the highest common factor of w and p?
3
Suppose -2*o - 2664 = -v, -4*v - 216*o + 219*o = -10636. What is the greatest common factor of v and 249?
83
Let h = -63 + 66. Suppose -h*t = t - 40. Calculate the highest common factor of 165 and t.
5
Suppose -3*i + 4*m + 348 + 641 = 0, -2*i + 626 = 4*m. What is the highest common factor of i and 204?
17
Suppose 12 = r - 350. Suppose 43 + r = -9*s. Let y = s - -52. What is the greatest common factor of 91 and y?
7
Let k(t) = t**3 + 18*t**2 + 67*t + 55. Let q be k(-13). What is the greatest common divisor of 2494 and q?
29
Let k = -19167 + 19644. What is the highest common factor of k and 212?
53
Let k be (15/3)/((-12)/((-72)/15)). Let p be (7/k + 1)*78/39. Calculate the greatest common factor of p and 24.
3
Let o = -2306 - -2977. What is the highest common divisor of 488 and o?
61
Let s = 567 - 387. Let f be 1736/(-124)*(-20)/7. What is the highest common divisor of s and f?
20
Let w(q) = -2*q - 7. Let i be w(-11). Let k = 3 + i. Let o be -8 + 944/120 + 542/15. Calculate the highest common divisor of o and k.
18
Let c be -5 + 34 - (4 + 14/(-14)). Calculate the greatest common factor of c and 42562.
26
Let x = 44 + -16. Suppose 5239*y = 5244*y - 5180. What is the greatest common divisor of x and y?
28
Let o be ((-2)/(-6))/(-14*17/(-18564)). Let a(v) = 9*v + 7. Let y be a(5). Calculate the greatest common divisor of y and o.
26
Suppose 5781 = 28*m + 3009. What is the greatest common factor of m and 2475?
99
Let i(w) = -2*w**2 - 32*w - 5. Let o be i(-13). Let p = o + -69. Suppose -3*a = 4*v, 0*a + v = -p*a + 13. What is the greatest common factor of a and 32?
4
Let n = -2536 + 7477. What is the highest common divisor of n and 81?
81
Let k be (624 + 14)/11 - (-2)/2. Suppose -k = -s + 5. Calculate the highest common factor of 2 and s.
2
Let r be ((-912)/276)/(104/(-1196)). What is the greatest common factor of r and 209?
19
Let u be 1/(-2) + 11/(-2) + 8 + 15. What is the highest common divisor of 1003 and u?
17
Let v be (-7 - (2 + -1))/((6279/2639)/(-69)). Calculate the highest common factor of v and 15196.
116
Suppose -15*l + 1734 = -28*l + 30*l. What is the greatest common factor of l and 24?
6
Let h = 129 + -192. Let g be -4 - ((-1750)/18 - 14/h). Calculate the greatest common divisor of 3 and g.
3
Let r be -1 - 2 - -1 - -106. Let c be (0 + (-1075)/10)*4/(-5). Suppose -4*o = -c + 34. Calculate the greatest common divisor of r and o.
13
Let o(y) = -2*y**2 - 2*y - 7*y - 4 - 20*y. Let l be o(-9). Calculate the highest common divisor of 38 and l.
19
Suppose -530 = -r - 22*r - 24. What is the greatest common factor of 605 and r?
11
Suppose -19 = -s - 4*k, -18 + 3 = -s - 3*k. Suppose -104 - 109 = -s*j. Let c = j + -49. What is the greatest common factor of 55 and c?
11
Suppose -2*h + o + 223 = -67, 2*h = -5*o + 278. Let d = -23 + 51. Let w be (-1)/4 + 455/d. Calculate the greatest common divisor of w and h.
16
Suppose -2489*v - 4230 = -2536*v. What is the highest common divisor of v and 390?
30
Suppose 8407*h - 25864 = 8354*h. What is the highest common factor of h and 352?
8
Suppose -59*w = 1085 - 2088. Let q = 335 + 90. Calculate the highest common divisor of q and w.
17
Let x be (76/8 - (-7)/14)/(-1 + 2). Calculate the greatest common divisor of 2425 and x.
5
Let g(i) = i**3 - 37*i**2 - 24*i + 44. Let q(n) = n**3 + 8*n**2 - 21*n + 28. Let o be q(-10). Let b be g(o). Calculate the greatest common divisor of b and 64.
64
Let t(b) = 2*b**2 + 2. Let q be t(2). Suppose -1334 = -3*a - 56. Suppose 324 + a = 25*k. What is the greatest common divisor of k and q?
10
Let w(p) = -104*p + 230. Let t be w(-5). Suppose -11*f + t = -405. What is the greatest common factor of 42 and f?
21
Let r = -1966 + 2034. Calculate the greatest common factor of r and 8.
4
Suppose 198 + 36 = 6*g. Let p be (114 + -1)*1 + 16/4. What is the greatest common divisor of p and g?
39
Let l(j) = -150*j**2 - j - 6. Let n(d) = 151*d**2 + 2*d + 9. Let c(q) = -3*l(q) - 2*n(q). Let b be c(-2). What is the greatest common factor of b and 54?
54
Let n = 388 + -384. Let q be (14/35)/((-4)/(-10)). Calculate the highest common factor of n and q.
1
Let m be (-6)/18 - (-32)/6. Suppose -m*p + l + 2550 = -l, -5*p + 5*l = -2550. Suppose 8*c - p = -2*c. Calculate the greatest common factor of 68 and c.
17
Let b = 6337 + -5953. What is the highest common divisor of b and 1872?
48
Suppose 2*f = -2*f + 180. Let s be (-21)/(-2) + 5/20*-2. Suppose -16*t + 18*t = s. Calculate the highest common factor of f and t.
5
Let n be (10/(-8))/(1/(-44)). Suppose -348*c + 79 = -316*c - 1041. Calculate the greatest common factor of c and n.
5
Suppose 84 + 6 = 2*h. Let q = h - 23. Suppose -21*z = 1567 - 5615 - 572. Calculate the greatest common divisor of q and z.
22
Let y(h) = -23 + 55 - 175*h + 2*h**2 + 205*h. Let w be y(-19). Calculate the highest common factor of 8 and w.
8
Let w = 1578 + -1448. Let p(y) = -4*y + 2. Let f be p(-2). What is the highest common divisor of w and f?
10
Let c(d) = 2*d**2 + 19*d + 10. Let p be c(-9). Suppose p = 2*z - g, -5*z - 4*g = -z - 8. What is the highest common factor of 2 and z?
1
Let r be -54*15/10*(5 + 68/(-12)). What is the highest common factor of 102 and r?
6
Let r be ((-25)/(-10))/(-6 + ((-162130)/5404)/(-5)). What is the greatest common divisor of r and 14?
7
Let f = -814 - -392. Let p = 458 + f. What is the highest common factor of p and 342?
18
Let l = -109707 - -159601. What is the greatest common factor of l and 247?
247
Let h be 1125/(-6) + (-18)/(-12). Let i = 204 + h. What is the greatest common factor of i and 30?
6
Let r = -3 - 0. Let d = r - -4. Suppose -13*b + 11*b + 13*b - 11 = 0. Calculate the highest common factor of b and d.
1
Let m be (-2)/((-1)/(-6 - -3)). Let s = m - -9. Let v be (3/6)/((-35 - -42)/294). Calculate the greatest common divisor of s and v.
3
Suppose -2*j = 3*p - 510, -150*p - 4*j - 156 = -151*p. Calculate the highest common factor of p and 609.
21
Suppose -3*s + 7*s - 372 = 0. Let w = s + -13. Let n be ((-57)/(-9) + -3)*3. Calculate the highest common factor of n and w.
10
Suppose 38*d - 34*d = 1464. Let r = d - 357. What is the highest common factor of r and 4?
1
Let l(z) = 361*z - 1631. Let s be l(5). Calculate the highest common factor of s and 3915.
87
Suppose -4*g + 384 + 6 = -2*j, -4*j = 2*g - 170. Calculate the greatest common factor of g and 4845.
95
Suppose 7*o - 1298 + 878 = 0. Calculate the highest common divisor of 2136 and o.
12
Let j = 874 - 732. Calculate the greatest common divisor of j and 1207.
71
Suppose 0 = u - 209 + 189. Let q be 3/5 - (-3 + (-328)/u). Calculate the greatest common divisor of q and 70.
10
Let v be (10 + -1 - 4) + -5 + 180. Calculate the highest common divisor of 785 and v.
5
Let t(i) = 6*i + 3*i**2 + 5*i**2 + 2*i + 14. Let n be t(15). Suppose -815 + n = 5*c - r, 900 = 4*c + 4*r. What is the greatest common divisor of c and 28?
28
Let h(x) = 500*x - 4980. Let z be h(10). Calculate the highest common factor of 38 and z.
2
Let l = 96 + -31. Suppose -4 = -3*g + l. Suppose -m + g = -16. Calculate the greatest common divisor of m and 26.
13
Let t = -40 - -74. Suppose g - t = 26. Let i be ((-84)/49 + 6)/((-1)/(-21)). Calculate the greatest common divisor of i and g.
30
Suppose -3*i = 2*k - 29548, 554*k - 3*i + 14768 = 555*k. What is the